se 5, what is -10 - -232032132302?
232032132242
In base 8, what is 137 + 5513631?
5513770
In base 9, what is -68856 - 4122?
-74078
In base 14, what is -36bd553 - -4?
-36bd54d
In base 12, what is -2b8 - 56295?
-56591
In base 9, what is 1000 - -218870?
220870
In base 2, what is 10001000110101010 - 111101111?
10000111110111011
In base 6, what is 21 + -1124442151?
-1124442130
In base 16, what is 1ea2 + -1c36?
26c
In base 7, what is -365 - 1024511?
-1025206
In base 9, what is -508 + 13474?
12865
In base 16, what is 97bab + -2ba?
978f1
In base 14, what is -2835 + -211?
-2a46
In base 2, what is -1010 - -11110110001111100111?
11110110001111011101
In base 2, what is 111111011011011111010 - 0?
111111011011011111010
In base 4, what is 31 - -101122031112?
101122031203
In base 4, what is 2 + -3321303212?
-3321303210
In base 2, what is 10010101111001010000111110 - 101?
10010101111001010000111001
In base 7, what is -63 + -23102404?
-23102500
In base 11, what is -4 - -36929511?
36929508
In base 10, what is -242591 + 31?
-242560
In base 14, what is 354a9 - 11?
35498
In base 16, what is -3 + -d96c87?
-d96c8a
In base 11, what is 223a926 + 4?
223a92a
In base 8, what is -220 + 63507?
63267
In base 14, what is -98a8cb - 22?
-98a90d
In base 16, what is c2 - 3ea2a?
-3e968
In base 4, what is 11220 - -112301303?
112313123
In base 5, what is 2 + -24043310?
-24043303
In base 5, what is 0 - -124114312?
124114312
In base 2, what is 1100110000101100000100 + 110?
1100110000101100001010
In base 14, what is -3 - -b747b53?
b747b50
In base 4, what is 1 + -22322121112?
-22322121111
In base 9, what is -644 + 3046651?
3046006
In base 9, what is -2 + -1287301?
-1287303
In base 5, what is 12 + 14444344441?
14444400003
In base 15, what is 140a0 - b24?
1347b
In base 8, what is -70015557 + 0?
-70015557
In base 10, what is 4 - 176163308?
-176163304
In base 8, what is -1 - 1526002?
-1526003
In base 16, what is -14 - -65a20?
65a0c
In base 16, what is -c0a7a - f?
-c0a89
In base 2, what is -1011100101 - 1000000111001?
-1001100011110
In base 16, what is b35e43 + 2?
b35e45
In base 11, what is -92 - -60a1a?
60938
In base 14, what is -5 + -2541d8?
-2541dd
In base 4, what is -2321330320332 + 0?
-2321330320332
In base 6, what is -11131030 + -10?
-11131040
In base 16, what is -3d7 - -c6b8?
c2e1
In base 15, what is -c2 + 2e23?
2d51
In base 8, what is -534775 + 13266?
-521507
In base 9, what is -3312 + 14073?
10661
In base 7, what is -10521250 - -4?
-10521243
In base 6, what is 40344 - 304341?
-223553
In base 10, what is -14809903 + 1?
-14809902
In base 11, what is 3 + -253489?
-253486
In base 6, what is -3 - 13022030022?
-13022030025
In base 10, what is -1849985 + -36?
-1850021
In base 7, what is -34312062143 - 3?
-34312062146
In base 2, what is 101111111001011100 + -10011?
101111111001001001
In base 13, what is 5c2a - 17?
5c13
In base 13, what is -44498 + 2a?
-4446b
In base 14, what is 36 - -1487c3?
148819
In base 15, what is 1e468 - -97?
1e510
In base 7, what is -3 + 203322554?
203322551
In base 7, what is 6 + 1104634650?
1104634656
In base 3, what is -12 + 1011221120210200?
1011221120210111
In base 8, what is -2526 - -10542?
6014
In base 9, what is 2 - 2348403?
-2348401
In base 4, what is -32210311211 - 10301?
-32210322112
In base 2, what is 101 + 11010111100010000100110?
11010111100010000101011
In base 10, what is 8524211 + -4?
8524207
In base 9, what is 58 - 180268?
-180210
In base 16, what is -1bcc4 + 273?
-1ba51
In base 12, what is 4 - -5ab31875?
5ab31879
In base 5, what is -12 + 30113014?
30113002
In base 4, what is 11322113022 - 32?
11322112330
In base 13, what is 14a6c003 - -4?
14a6c007
In base 4, what is -21133 - -10330111?
10302312
In base 6, what is 50 - 53230351?
-53230301
In base 10, what is 13656 - -30957?
44613
In base 6, what is -111 + -25433045?
-25433200
In base 12, what is -1 - 42a63a8?
-42a63a9
In base 3, what is 211012100 - 120010001?
21002022
In base 13, what is -7 + -16324531?
-16324538
In base 11, what is -272026 - 11?
-272037
In base 11, what is -18a - -45863a?
458460
In base 14, what is 4 - 2046895?
-2046891
In base 3, what is -100220111010100111 + 0?
-100220111010100111
In base 14, what is 243d + 332c?
576b
In base 15, what is ce457 + 9?
ce461
In base 3, what is 101 - -1021000110121010?
1021000110121111
In base 13, what is 4aa05 + -57b?
4a457
In base 6, what is -5 - -35424204?
35424155
In base 5, what is 14 - 243444142?
-243444123
In base 5, what is 31232322 - 2202?
31230120
In base 11, what is -147 + -6263?
-63aa
In base 6, what is -5 + 333120544?
333120535
In base 5, what is 10031334 + 3012?
10034401
In base 12, what is b174 - 1607?
9769
In base 11, what is -17483197 - 0?
-17483197
In base 9, what is -1 - -2225030?
2225028
In base 4, what is 20 - 2100103203100?
-2100103203020
In base 2, what is -1000011011010001 - -11000010?
-1000011000001111
In base 16, what is -a85 - b04?
-1589
In base 4, what is -3 + 1030222320303?
1030222320300
In base 4, what is -30310 + -1110030?
-1201000
In base 9, what is 0 - 2306167?
-2306167
In base 7, what is -436132 - -6?
-436123
In base 15, what is 35919 - -36?
35950
In base 9, what is -31 - -345172?
345141
In base 15, what is 9e + -e9252?
-e91a3
In base 13, what is 357 - -b861?
bbb8
In base 11, what is 23a1508 - -5?
23a1512
In base 10, what is 152 - -200499?
200651
In base 15, what is -41283b - -36?
-412805
In base 4, what is 11 + 20201333222211?
20201333222222
In base 9, what is 138707 + -1551?
137146
In base 4, what is 1110100 + -23230?
1020210
In base 8, what is 51503 + 335?
52040
In base 6, what is -10253332 - -13?
-10253315
In base 5, what is -2120404 - 1222?
-2122131
In base 16, what is 26a + 4176?
43e0
In base 9, what is -1506 - -128784?
127277
In base 3, what is 222 - 2100110021010?
-2100110020011
In base 3, what is -1220121 - -2222102?
1001211
In base 6, what is 22 + -30314431?
-30314405
In base 5, what is 12100103 + 231?
12100334
In base 5, what is -303402000 + 10?
-303401440
In base 9, what is -1468058 + 17?
-1468041
In base 16, what is -1563d0 - -84?
-15634c
In base 7, what is 2 - 1554611403?
-1554611401
In base 16, what is 20 + 1a13b5?
1a13d5
In base 2, what is 111110100000 + 11111101?
1000010011101
In base 10, what is -390 - 23530?
-23920
In base 14, what is 386 + 4c6?
86c
In base 6, what is 30505 + 413245?
444154
In base 6, what is -1234 + -1105530?
-1111204
In base 16, what is 2de - 63cb?
-60ed
In base 15, what is 7aa9 + 192?
7c4b
In base 16, what is 2b + -55e627?
-55e5fc
In base 10, what is 718043 - -260?
718303
In base 9, what is -2022340 - -354?
-2021875
In base 11, what is 20 - 74a3a?
-74a1a
In base 10, what is 14080305 - 3?
14080302
In base 11, what is 5 + -335526?
-335521
In base 14, what is -19c29a + -12?
-19c2ac
In base 13, what is 2ab + -47ab6?
-47808
In base 10, what is -13448 + 18678?
5230
In base 8, what is -3331743 - 13?
-3331756
In base 10, what is -10326 + 768?
-9558
In base 7, what is 161 - -4301240?
4301431
In base 15, what is c6edd0a + 2?
c6edd0c
In base 13, what is 7 - -5082b47?
5082b51
In base 15, what is a - -4b8b6?
4b8c1
In base 12, what is 1 - -338a348?
338a349
In base 4, what is -120112011 + -12331?
-120131002
In base 7, what is 1324423262 + -4?
1324423255
In base 6, what is 1004415 - -224153?
1233012
In base 9, what is -4277 - 35?
-4323
In base 6, what is 555042 - 4213?
550425
In base 5, what is 2003 + 231240212?
231242220
In base 14, what is -5 - 69a142?
-69a147
In base 2, what is 11001110000000 - -101010111?
11010011010111
In base 11, what is -181 - -a213a?
a1a69
In base 15, what is 0 + -6224158?
-6224158
In base 5, what is -122321 - -24130?
-43141
In base 14, what is -952c4 + -62?
-95346
In base 9, what is 1 - 4464005?
-4464004
In base 13, what is 79483 - 13?
79470
In base 2, what is 100110010000100101101110 - 100011?
100110010000100101001011
In base 10, what is 1361218 + 331?
1361549
In base 5, what is -324210240 + 21?
-324210214
In base 13, what is 1aa51aa6 - -5?
1aa51aab
In base 9, what is -61472 + -22?
-61504
In base 12, what is 1a43 + -10ab?
954
In base 10, what is 3 + 776218?
776221
In base 13, what is 6 - ccca36?
-ccca30
In base 6, what is -325553 - -42404?
-243145
In base 10, what is -3 + 3726044?
3726041
In base 16, what is d73 - -14ab4?
15827
In base 16, what is 2a4 + c445f?
c4703